{"id":112,"date":"2018-10-25T13:16:13","date_gmt":"2018-10-25T13:16:13","guid":{"rendered":"http:\/\/www.sbn-media.de\/?page_id=112"},"modified":"2024-06-26T11:42:25","modified_gmt":"2024-06-26T11:42:25","slug":"impressum","status":"publish","type":"page","link":"https:\/\/www.sbn-media.de\/index.php\/impressum\/","title":{"rendered":"Impressum"},"content":{"rendered":"<h3>SBN Media Services GmbH<\/h3>\n<p>Hauptstr. 4<br \/>\n83553 Frauenneuharting<\/p>\n<p>Telefon: +49 8092 \/ 85 05 12<\/p>\n<p>E-Mail: sabine.kobrow[at]sbn-media.de<br \/>\nInternet: www.sbn-media.de<\/p>\n<p><span lang=\"de\">Der SBN Media Services GmbH ist eine Gesellschaft mit beschr\u00e4nkter Haftung.<br \/>\nSie wird vertreten durch die Gesch\u00e4ftsf\u00fchrerin Sabine Kobrow.<\/span><\/p>\n<p>Inhaltlich Verantwortlicher gem\u00e4\u00df \u00a7 55 Abs. 2 RStV: Sabine Kobrow<br \/>\n(Anschrift wie oben)<\/p>\n<h6>Bildnachweise<\/h6>\n<p>@iStockphoto.com\/pxel66 ( <a href=\"https:\/\/www.istockphoto.com\/de\/foto\/fernsehen-vintage-gm961375112-262526587\">https:\/\/www.istockphoto.com\/de\/foto\/fernsehen-vintage-gm961375112-262526587<\/a> )<\/p>\n<p>@iStockphoto.com\/julichka ( <a href=\"https:\/\/www.istockphoto.com\/de\/foto\/film-schiefer-gm847129204-138907467\">https:\/\/www.istockphoto.com\/de\/foto\/film-schiefer-gm847129204-138907467<\/a> )<\/p>\n","protected":false},"excerpt":{"rendered":"<p>SBN Media Services GmbH Hauptstr. 4 83553 Frauenneuharting Telefon: +49 8092 \/ 85 05 12 E-Mail: sabine.kobrow[at]sbn-media.de Internet: www.sbn-media.de Der SBN Media Services GmbH ist eine Gesellschaft mit beschr\u00e4nkter Haftung. Sie wird vertreten durch die Gesch\u00e4ftsf\u00fchrerin Sabine Kobrow. Inhaltlich Verantwortlicher gem\u00e4\u00df \u00a7 55 Abs. 2 RStV: Sabine Kobrow (Anschrift wie oben) Bildnachweise @iStockphoto.com\/pxel66 ( https:\/\/www.istockphoto.com\/de\/foto\/fernsehen-vintage-gm961375112-262526587 &hellip; <\/p>\n<p class=\"link-more\"><a href=\"https:\/\/www.sbn-media.de\/index.php\/impressum\/\" class=\"more-link\"><span class=\"screen-reader-text\">\u201eImpressum\u201c<\/span> weiterlesen<\/a><\/p>\n","protected":false},"author":1,"featured_media":0,"parent":0,"menu_order":0,"comment_status":"closed","ping_status":"closed","template":"","meta":[],"yoast_head":"<!-- This site is optimized with the Yoast SEO plugin v21.1 - https:\/\/yoast.com\/wordpress\/plugins\/seo\/ -->\n<title>Impressum - SBN Media Services<\/title>\n<meta name=\"robots\" content=\"index, follow, max-snippet:-1, max-image-preview:large, max-video-preview:-1\" \/>\n<link rel=\"canonical\" href=\"https:\/\/www.sbn-media.de\/index.php\/impressum\/\" \/>\n<meta property=\"og:locale\" content=\"de_DE\" \/>\n<meta property=\"og:type\" content=\"article\" \/>\n<meta property=\"og:title\" content=\"Impressum - SBN Media Services\" \/>\n<meta property=\"og:description\" content=\"SBN Media Services GmbH Hauptstr. 4 83553 Frauenneuharting Telefon: +49 8092 \/ 85 05 12 E-Mail: sabine.kobrow[at]sbn-media.de Internet: www.sbn-media.de Der SBN Media Services GmbH ist eine Gesellschaft mit beschr\u00e4nkter Haftung. Sie wird vertreten durch die Gesch\u00e4ftsf\u00fchrerin Sabine Kobrow. Inhaltlich Verantwortlicher gem\u00e4\u00df \u00a7 55 Abs. 2 RStV: Sabine Kobrow (Anschrift wie oben) Bildnachweise @iStockphoto.com\/pxel66 ( https:\/\/www.istockphoto.com\/de\/foto\/fernsehen-vintage-gm961375112-262526587 &hellip; \u201eImpressum\u201c weiterlesen\" \/>\n<meta property=\"og:url\" content=\"https:\/\/www.sbn-media.de\/index.php\/impressum\/\" \/>\n<meta property=\"og:site_name\" content=\"SBN Media Services\" \/>\n<meta property=\"article:modified_time\" content=\"2024-06-26T11:42:25+00:00\" \/>\n<meta name=\"twitter:card\" content=\"summary_large_image\" \/>\n<meta name=\"twitter:label1\" content=\"Gesch\u00e4tzte Lesezeit\" \/>\n\t<meta name=\"twitter:data1\" content=\"1 Minute\" \/>\n<script type=\"application\/ld+json\" class=\"yoast-schema-graph\">{\"@context\":\"https:\/\/schema.org\",\"@graph\":[{\"@type\":\"WebPage\",\"@id\":\"https:\/\/www.sbn-media.de\/index.php\/impressum\/\",\"url\":\"https:\/\/www.sbn-media.de\/index.php\/impressum\/\",\"name\":\"Impressum - SBN Media Services\",\"isPartOf\":{\"@id\":\"https:\/\/www.sbn-media.de\/#website\"},\"datePublished\":\"2018-10-25T13:16:13+00:00\",\"dateModified\":\"2024-06-26T11:42:25+00:00\",\"breadcrumb\":{\"@id\":\"https:\/\/www.sbn-media.de\/index.php\/impressum\/#breadcrumb\"},\"inLanguage\":\"de-DE\",\"potentialAction\":[{\"@type\":\"ReadAction\",\"target\":[\"https:\/\/www.sbn-media.de\/index.php\/impressum\/\"]}]},{\"@type\":\"BreadcrumbList\",\"@id\":\"https:\/\/www.sbn-media.de\/index.php\/impressum\/#breadcrumb\",\"itemListElement\":[{\"@type\":\"ListItem\",\"position\":1,\"name\":\"Startseite\",\"item\":\"https:\/\/www.sbn-media.de\/\"},{\"@type\":\"ListItem\",\"position\":2,\"name\":\"Impressum\"}]},{\"@type\":\"WebSite\",\"@id\":\"https:\/\/www.sbn-media.de\/#website\",\"url\":\"https:\/\/www.sbn-media.de\/\",\"name\":\"SBN Media Services\",\"description\":\"Der Dienstleister f\u00fcr Filmschaffende und K\u00fcnstler\",\"potentialAction\":[{\"@type\":\"SearchAction\",\"target\":{\"@type\":\"EntryPoint\",\"urlTemplate\":\"https:\/\/www.sbn-media.de\/?s={search_term_string}\"},\"query-input\":\"required name=search_term_string\"}],\"inLanguage\":\"de-DE\"}]}<\/script>\n<!-- \/ Yoast SEO plugin. -->","yoast_head_json":{"title":"Impressum - SBN Media Services","robots":{"index":"index","follow":"follow","max-snippet":"max-snippet:-1","max-image-preview":"max-image-preview:large","max-video-preview":"max-video-preview:-1"},"canonical":"https:\/\/www.sbn-media.de\/index.php\/impressum\/","og_locale":"de_DE","og_type":"article","og_title":"Impressum - SBN Media Services","og_description":"SBN Media Services GmbH Hauptstr. 4 83553 Frauenneuharting Telefon: +49 8092 \/ 85 05 12 E-Mail: sabine.kobrow[at]sbn-media.de Internet: www.sbn-media.de Der SBN Media Services GmbH ist eine Gesellschaft mit beschr\u00e4nkter Haftung. Sie wird vertreten durch die Gesch\u00e4ftsf\u00fchrerin Sabine Kobrow. Inhaltlich Verantwortlicher gem\u00e4\u00df \u00a7 55 Abs. 2 RStV: Sabine Kobrow (Anschrift wie oben) Bildnachweise @iStockphoto.com\/pxel66 ( https:\/\/www.istockphoto.com\/de\/foto\/fernsehen-vintage-gm961375112-262526587 &hellip; \u201eImpressum\u201c weiterlesen","og_url":"https:\/\/www.sbn-media.de\/index.php\/impressum\/","og_site_name":"SBN Media Services","article_modified_time":"2024-06-26T11:42:25+00:00","twitter_card":"summary_large_image","twitter_misc":{"Gesch\u00e4tzte Lesezeit":"1 Minute"},"schema":{"@context":"https:\/\/schema.org","@graph":[{"@type":"WebPage","@id":"https:\/\/www.sbn-media.de\/index.php\/impressum\/","url":"https:\/\/www.sbn-media.de\/index.php\/impressum\/","name":"Impressum - SBN Media Services","isPartOf":{"@id":"https:\/\/www.sbn-media.de\/#website"},"datePublished":"2018-10-25T13:16:13+00:00","dateModified":"2024-06-26T11:42:25+00:00","breadcrumb":{"@id":"https:\/\/www.sbn-media.de\/index.php\/impressum\/#breadcrumb"},"inLanguage":"de-DE","potentialAction":[{"@type":"ReadAction","target":["https:\/\/www.sbn-media.de\/index.php\/impressum\/"]}]},{"@type":"BreadcrumbList","@id":"https:\/\/www.sbn-media.de\/index.php\/impressum\/#breadcrumb","itemListElement":[{"@type":"ListItem","position":1,"name":"Startseite","item":"https:\/\/www.sbn-media.de\/"},{"@type":"ListItem","position":2,"name":"Impressum"}]},{"@type":"WebSite","@id":"https:\/\/www.sbn-media.de\/#website","url":"https:\/\/www.sbn-media.de\/","name":"SBN Media Services","description":"Der Dienstleister f\u00fcr Filmschaffende und K\u00fcnstler","potentialAction":[{"@type":"SearchAction","target":{"@type":"EntryPoint","urlTemplate":"https:\/\/www.sbn-media.de\/?s={search_term_string}"},"query-input":"required name=search_term_string"}],"inLanguage":"de-DE"}]}},"_links":{"self":[{"href":"https:\/\/www.sbn-media.de\/index.php\/wp-json\/wp\/v2\/pages\/112"}],"collection":[{"href":"https:\/\/www.sbn-media.de\/index.php\/wp-json\/wp\/v2\/pages"}],"about":[{"href":"https:\/\/www.sbn-media.de\/index.php\/wp-json\/wp\/v2\/types\/page"}],"author":[{"embeddable":true,"href":"https:\/\/www.sbn-media.de\/index.php\/wp-json\/wp\/v2\/users\/1"}],"replies":[{"embeddable":true,"href":"https:\/\/www.sbn-media.de\/index.php\/wp-json\/wp\/v2\/comments?post=112"}],"version-history":[{"count":9,"href":"https:\/\/www.sbn-media.de\/index.php\/wp-json\/wp\/v2\/pages\/112\/revisions"}],"predecessor-version":[{"id":170,"href":"https:\/\/www.sbn-media.de\/index.php\/wp-json\/wp\/v2\/pages\/112\/revisions\/170"}],"wp:attachment":[{"href":"https:\/\/www.sbn-media.de\/index.php\/wp-json\/wp\/v2\/media?parent=112"}],"curies":[{"name":"wp","href":"https:\/\/api.w.org\/{rel}","templated":true}]}}